211 + 2002220?
11201201
In base 3, what is -201212 + 11?
-201201
In base 11, what is -1 + 880a3a?
880a39
In base 12, what is -1 + -8841?
-8842
In base 13, what is -312636 + 2?
-312634
In base 10, what is 10843 + 4?
10847
In base 13, what is 3 + -5c05b?
-5c058
In base 11, what is 74913 - 1?
74912
In base 6, what is -352 - 342?
-1134
In base 5, what is 300 + 3403?
4203
In base 10, what is 17 + -32094?
-32077
In base 5, what is -3341 - 100422?
-104313
In base 8, what is -5 - -363354?
363347
In base 14, what is 1 - 277b?
-277a
In base 10, what is -143 + -2188?
-2331
In base 9, what is 5 - -616706?
616712
In base 6, what is 1514121 + -14?
1514103
In base 16, what is 4 - 3b5?
-3b1
In base 7, what is 621 - 1422?
-501
In base 16, what is -5 + -3ca4?
-3ca9
In base 12, what is -240 + -52b?
-76b
In base 12, what is 3 - 42559?
-42556
In base 11, what is -522 - -329?
-1a4
In base 4, what is 3203100 + 203?
3203303
In base 16, what is -ba8 - -a37?
-171
In base 10, what is 3 + 40471?
40474
In base 15, what is -4 + 1233e?
1233a
In base 9, what is 138 + -1656?
-1517
In base 11, what is -113aa + 0?
-113aa
In base 13, what is -124345 - -3?
-124342
In base 9, what is 22 - -586?
618
In base 10, what is -4 + -29843?
-29847
In base 16, what is 74d95 - -1?
74d96
In base 16, what is -1a6 + 32?
-174
In base 5, what is 1312404 + -22?
1312332
In base 9, what is -122747 + 13?
-122734
In base 5, what is -33324 - -2221?
-31103
In base 14, what is 0 + 1c0d61?
1c0d61
In base 7, what is 3313613 - 5?
3313605
In base 10, what is 1113446 + -3?
1113443
In base 11, what is -5010 - -a?
-5001
In base 13, what is -1427 + -15?
-143c
In base 16, what is -1227fb - 4?
-1227ff
In base 4, what is 102022 + 21?
102103
In base 9, what is 64 + 2871?
3045
In base 7, what is -3013 - -340?
-2343
In base 3, what is 2210222222 - 0?
2210222222
In base 12, what is -35 - 78b?
-804
In base 8, what is 4 + -3031201?
-3031175
In base 13, what is 1951 - 7c?
18a2
In base 5, what is -132122434 - -10?
-132122424
In base 10, what is 0 - 9701?
-9701
In base 14, what is b + 3228?
3235
In base 7, what is -64223416 + 0?
-64223416
In base 11, what is -4 - -257a6?
257a2
In base 14, what is -18587 - -12?
-18575
In base 15, what is -3022a - d?
-30238
In base 4, what is -22 - -13233330?
13233302
In base 5, what is -3 - 332312414?
-332312422
In base 15, what is -144 + 315e?
301a
In base 4, what is -10 - -3211312?
3211302
In base 5, what is 2122341 + 0?
2122341
In base 7, what is -1315502 + 2?
-1315500
In base 5, what is 333124412 + -4?
333124403
In base 4, what is 1 + 21101321?
21101322
In base 8, what is 714130 - -4?
714134
In base 11, what is 3 + -73706?
-73703
In base 9, what is 113108 + 4?
113113
In base 13, what is 73 + 175?
218
In base 14, what is -2048c7 + -2?
-2048c9
In base 6, what is -424134 - 201?
-424335
In base 14, what is 2562c - 0?
2562c
In base 9, what is -563757 - 7?
-563765
In base 8, what is 47 - 2134?
-2065
In base 14, what is -1 - 45a6?
-45a7
In base 13, what is 1 - 2843?
-2842
In base 7, what is -5040656 + 0?
-5040656
In base 9, what is 81 + -518?
-427
In base 6, what is -25124253 - 1?
-25124254
In base 15, what is d + 1dc?
1ea
In base 14, what is -812b + -1?
-812c
In base 7, what is 16456 + -15?
16441
In base 6, what is 1 + -1135503?
-1135502
In base 8, what is -221 + -1506?
-1727
In base 16, what is 13bc4 + -14?
13bb0
In base 6, what is 41 - -55143?
55224
In base 16, what is 1b + 14f8?
1513
In base 8, what is -6053 + 4?
-6047
In base 14, what is -3cb3b5 + 1?
-3cb3b4
In base 13, what is 5 + -5157?
-5152
In base 13, what is 281 + -2278?
-1cc7
In base 13, what is 5 + 22549?
22551
In base 3, what is 100020 - -101000201?
101100221
In base 12, what is -1b96b - 0?
-1b96b
In base 6, what is -521 + -1424?
-2345
In base 9, what is 218767 - 6?
218761
In base 15, what is eb6d0 + 0?
eb6d0
In base 16, what is 4da + -1a9?
331
In base 10, what is -825 + -23?
-848
In base 5, what is -2102144 + 2?
-2102142
In base 5, what is 320030 + 2?
320032
In base 3, what is 2220201 + 12220?
10010121
In base 5, what is -4032434 - 3?
-4032442
In base 16, what is -2 + -1b6e5?
-1b6e7
In base 16, what is 14 + 11be?
11d2
In base 14, what is -48 - 41b?
-465
In base 7, what is 61 + -1235?
-1144
In base 15, what is 1c9 - -6e?
248
In base 15, what is 910 - 6?
909
In base 2, what is 110010100 - 1110100110?
-1000010010
In base 8, what is 23312652 + 3?
23312655
In base 9, what is -25 - 1714?
-1740
In base 15, what is -3e + 249?
20a
In base 5, what is 23131 + 1?
23132
In base 9, what is -1866072 + 3?
-1866068
In base 10, what is 30683 + 1?
30684
In base 9, what is -261540 - -18?
-261521
In base 14, what is -87 - -1db3?
1d2a
In base 16, what is 62 - ce7?
-c85
In base 3, what is -11120112 + 212112?
-10201000
In base 13, what is 12467 + -3?
12464
In base 6, what is 20 - -12215?
12235
In base 2, what is -100 + -111000011010000?
-111000011010100
In base 3, what is -1011222122121 + 0?
-1011222122121
In base 8, what is 270 + 101?
371
In base 3, what is -2022 + -1110010?
-1112102
In base 16, what is -3 + 1ca1b?
1ca18
In base 5, what is -2 + 40023?
40021
In base 9, what is 27 - 36550?
-36522
In base 11, what is -23298 + -2?
-2329a
In base 14, what is 158b5 - -8?
158bd
In base 6, what is 30100 + 224?
30324
In base 10, what is -1 + 249788?
249787
In base 5, what is 3 - -3241440?
3241443
In base 3, what is 120001001211 - -210?
120001002121
In base 5, what is 2441044 - -20?
2441114
In base 13, what is 7a16 + -11?
7a05
In base 16, what is 26 + 170?
196
In base 14, what is 57a + 4?
580
In base 8, what is 4 + 610155?
610161
In base 7, what is 0 - 241636?
-241636
In base 5, what is 2431 + -40?
2341
In base 4, what is -1 - 111332?
-111333
In base 10, what is -10872 - 3?
-10875
In base 4, what is 3 + 20230100?
20230103
In base 14, what is 20103 - 4?
200dd
In base 4, what is -1 - 200203?
-200210
In base 5, what is -12 + -421024?
-421041
In base 16, what is -575 - 17?
-58c
In base 11, what is 1aa88 - 4?
1aa84
In base 4, what is -1003232 + -3211?
-1013103
In base 10, what is -162360 + 20?
-162340
In base 2, what is -11 - -1000010000111101?
1000010000111010
In base 12, what is -400 - a64?
-1264
In base 6, what is -2305 + 322?
-1543
In base 4, what is -2300122023 - -21?
-2300122002
In base 16, what is 1608 + 6?
160e
In base 8, what is -41 - 1570?
-1631
In base 4, what is 103002 - -101?
103103
In base 9, what is 127014 - 3?
127011
In base 5, what is 1224012 - -1?
1224013
In base 9, what is 8240 - 138?
8101
In base 10, what is -170 - -2583?
2413
In base 13, what is -86 + -1322?
-13a8
In base 13, what is 4 - 3c4bb?
-3c4b7
In base 9, what is -1104226 + -2?
-1104228
In base 10, what is -2770 - 1131?
-3901
In base 8, what is 4412 - -122?
4534
In base 4, what is -13 - 30221110?
-30221123
In base 2, what is 10001000111010100 + -10000?
10001000111000100
In base 15, what is -58757 + 0?
-58757
In base 3, what is 111112 + -112100?
-211
In base 9, what is -5 - -57024?
57018
In base 16, what is 4 + -59e9f?
-59e9b
In base 8, what is 27600400 + -4?
27600374
In base 16, what is -a92 + -7b?
-b0d
In base 6, what is 2 + 320143?
320145
In base 13, what is -13 + 1735?
1722
In base 7, what is 4 + -51024?
-51020
In base 10, what is -155 - -564?
409
In base 5, what is 13 - 2010243?
-2010230
In base 7, what is -2516 - 22?
-2541
In base 12, what is 1449 - 956?
6b3
In base 10, what is -19930 + 10?
-19920
In base 6, what is -12 - 2013133?
-2013145
In base 10, what is 2595 - -241?
2836
In base 6, what is 0 - -124540?
124540
In base 13, what is 5a124 - -4?
5a128
In base 6, what is -414033 - 112?
-414145
In base 10, what is 2 - -156001?
156003
In base 12, what is -861 - -1a?
-843
In base 6, what is -25444435 - 1?
-25444440
In base 13, what is 669a + -2?
6698
In base 9, what is -373 - -186?
-176
In base 13, what is 2 - -2383?
2385
In base 9, what is -213883 - 1?
-213884
In base 5, what is 221003 - 1142?
214311
In base 3, what is -122220120 - -12?
-122220101
In base 4, what is 1322 - 1230?
32
In base 11, what is -105 + 46?
-6a
In base 11, what is 9080 + -22?
9059
In base 15, what is 4 + -4631?
-462c
In base 6, what is -1121223 + -3?
-1121230
In base 13, what is 127ac7 - -3?
127aca
In base 9, what is -16 + 147640?
147623
In base 15, what is -3 - -18379?
18376
In base 10, what is 678 - -78?
756
